5*w + 10. Let i be j(-9). What are the prime factors of 0 + 2 - (1 + 1) - i?
107
Suppose 5*x = -19 - 51. Let b be (12/x)/((-6)/28). Suppose -20 = -b*i, 0 = 4*s - 2*i - i - 121. List the prime factors of s.
2, 17
Suppose -16528 = -3*z - d, 7506 = 2*z - 3*d - 3520. What are the prime factors of z?
2, 5, 19, 29
Let f be (-222*5)/(-2) - (-45 - -45). Suppose 317 = 3*n + 3*b - 16, -f = -5*n - 4*b. List the prime factors of n.
3, 37
Suppose -t - 9*t = 1420. Let n = t + 247. What are the prime factors of n?
3, 5, 7
Suppose -2 = w + 5. Let z be (-12)/16*(3 + w). Suppose -z*o = 2*q - 15, 2*q + 2*q = -o + 45. What are the prime factors of q?
2, 3
Let i(s) = s**3 + s - 1. Let z(q) = -6*q**3 + 16*q**2 - 21*q + 16. Let o(x) = 5*i(x) + z(x). What are the prime factors of o(14)?
179
Let n(g) = -22*g + 72. What are the prime factors of n(-30)?
2, 3, 61
Suppose 34*d - 2203 = 76337. What are the prime factors of d?
2, 3, 5, 7, 11
Suppose 5*f = 8*f - 6. Suppose -t = f*t - 177. List the prime factors of t.
59
Suppose -6*a = -2*a - 112. Let s be 2/(-8) - 385/a. Let x(n) = -n**3 - 15*n**2 - 17*n - 20. What are the prime factors of x(s)?
2, 11
Suppose -k - 5 = 0, 3*z - 5*k - 2854 - 1131 = 0. List the prime factors of z.
2, 3, 5, 11
Let p = 32 + 80. Let w = p + -21. List the prime factors of w.
7, 13
Suppose 574 = 5*h + 4*s, -2*h + 569 = 3*h - s. Let w = -17 + h. List the prime factors of w.
97
Suppose -4295 - 9817 = -12*a. List the prime factors of a.
2, 3, 7
What are the prime factors of (1116/2 - 1) + (-1 - -4)?
2, 5, 7
Let q = 40 - 16. Suppose 0*b + 3*b - 3 = 0. What are the prime factors of (2/6)/(b/q)?
2
Let f = -474 + 680. List the prime factors of f.
2, 103
Suppose -o + 332 = -0*t + t, 4*t - 998 = -3*o. Suppose 0 = 5*p - 285 - o. List the prime factors of p.
3, 41
Suppose -z = 9 - 12. Let m be 0 - z/((-6)/80). Suppose 4*j - m - 136 = 0. List the prime factors of j.
2, 11
Let u(q) = -44*q - 89. Let x(m) = -15*m - 30. Let n(o) = -6*u(o) + 17*x(o). What are the prime factors of n(6)?
2, 3, 13
Let a be 2/(-11) - 200/(-11). Let s = a + -15. Suppose 5*n = 2*o - 48, -3*o - s*n + 82 = -8*n. List the prime factors of o.
2, 17
Suppose -b = -4*p + 20, -6*p + 4*b + 15 = -3*p. Suppose p*z = -4*t + t + 400, -4*t = 3*z - 251. What are the prime factors of z?
7, 11
Let a = -80 - -326. List the prime factors of a.
2, 3, 41
Suppose 6 = x - 4*x, 4*j - 26 = 3*x. Suppose 0 = j*b - 3*b - 60. List the prime factors of b.
2, 3, 5
Let j(n) = -32*n - 83. Let d(a) = -11*a - 28. Let o(m) = 7*d(m) - 2*j(m). What are the prime factors of o(-9)?
3, 29
Suppose -45*j + 241680 = 15*j. What are the prime factors of j?
2, 19, 53
Suppose -2*x = -4*l - 1492, -5*l + 935 = -3*x + 3169. Suppose 0 = -20*y + 14*y + x. What are the prime factors of y?
3, 41
Suppose 4603 = 4*h - 453. What are the prime factors of h?
2, 79
Suppose 0 = 3*r - 9. Suppose 0 = 4*u - 9 - 7. Suppose -6*m = -2*m + u, l = r*m + 44. What are the prime factors of l?
41
Let s be (-2084)/(-36) - (-5)/45. Let x = -51 + s. What are the prime factors of x?
7
Suppose 6 = g + 2*g. Suppose 26 = g*w - 4*p, -38 = -3*w - p - 6. What are the prime factors of w?
11
Suppose -2*n = -4*y + 2*n - 44, -65 = 4*y + 3*n. Let w = 54 + y. List the prime factors of w.
2, 5
Suppose -3 = -3*n - 18. List the prime factors of (108/(-15) + 0)*3*n.
2, 3
Let q(s) = 7*s - 7*s**2 + 6*s**2 + 0*s**2 + 2. Let l be q(7). Let w = l + 31. What are the prime factors of w?
3, 11
Let d = 10 + -5. Suppose 4 = -d*h + 19. What are the prime factors of (43 + h)/2 + -1?
2, 11
Let g = -438 - -744. What are the prime factors of g?
2, 3, 17
Let f = 957 + 727. List the prime factors of f.
2, 421
Let h(p) = -21*p + 308. List the prime factors of h(-9).
7, 71
Let i = 10 - -2. List the prime factors of i.
2, 3
Let q(g) = 2*g - 12*g + 8 + 36*g. List the prime factors of q(3).
2, 43
Let h(t) = 9*t. Let s(d) = 8*d + 1. Let j(b) = 4*h(b) - 5*s(b). List the prime factors of j(-4).
11
Let a(h) = -h + 3. Let c be a(-1). Suppose 2*j = 2*w - 416 - 56, -2*w + c*j + 464 = 0. List the prime factors of w.
2, 3, 5
Suppose 3*o - 7*y - 5008 = -3*y, 2*o = 2*y + 3336. List the prime factors of o.
2, 13
Let h(n) = n - 1. Let w(o) = -2*o**2 - 17*o + 19. Let g(i) = -6*h(i) - w(i). Let p = -54 - -45. What are the prime factors of g(p)?
2, 5
Let u be (1/(-2))/((-1)/262). Suppose 0 = 12*f - 19*f - 350. Let v = f + u. What are the prime factors of v?
3
Let p(u) = 42*u - 2. Let z be p(-10). What are the prime factors of z/2*(-21 - -20)?
211
Suppose -9*q = -q - 32. List the prime factors of (4/q - 9/3) + 107.
3, 5, 7
Let s(g) = -g**3 + 16*g**2 + 16*g + 17. Let w be s(17). Suppose 0 = 4*a - 3*t - 38 - 125, w = a + 2*t - 38. List the prime factors of a.
2, 5
Suppose 0 = -90*r + 95*r - 4425. What are the prime factors of r/9 + (-4)/12?
2, 7
Let h be (-2)/(-8) - (-68)/(-16). Suppose 9 - 33 = -3*r. List the prime factors of (r - 0)*(-10)/h.
2, 5
Let v(s) be the second derivative of 3*s**5/10 - s**4/6 - 2*s**2 + 10*s. What are the prime factors of v(2)?
2, 3
List the prime factors of 1215 - (1 - 2) - -7.
1223
Let r(h) = 3*h**3 + 40*h**2 - 11*h - 13. What are the prime factors of r(-13)?
13, 23
Suppose -5*x + i + 6084 = 0, -7*x + 6*x - 5*i + 1196 = 0. What are the prime factors of x?
2, 19
Let u(f) = -f**3 + 23*f**2 + 5*f + 5. What are the prime factors of u(21)?
2, 31
Suppose -9*p = 9 - 99. Suppose 76 = p*a + 6. List the prime factors of a.
7
Let b be (-19 - -19)*(-1)/2. Suppose 0*u - 5*u - 5*k + 115 = 0, b = u - 2*k - 17. List the prime factors of u.
3, 7
Suppose 0 = t + 5*k - 644, 2*t - t - 642 = -4*k. What are the prime factors of t?
2, 317
Suppose -4*m - 92 = 2*s + 2*s, 4*m + 71 = 3*s. Let j be 22/(-8) + (-15)/m. List the prime factors of (-172)/(-20) - j/5.
3
Let f(i) be the third derivative of -i**4/8 + 4*i**3 + 5*i**2. What are the prime factors of f(-6)?
2, 3, 7
Suppose -73 = 3*q - 13. Let b be (-251)/(-4) - 5/q. Suppose n = 4*n - b. What are the prime factors of n?
3, 7
Suppose 10*q + 3844 = 4*i + 7*q, 5*i = 2*q + 4812. What are the prime factors of i?
2, 241
Let s(v) = -19*v**3 - 15 - 7*v + 5*v**2 - 4*v**2 + 18*v**3 + 8*v**2. List the prime factors of s(7).
2, 17
Suppose -5*p = -4*p - 4*t - 53, -5*p + 181 = t. List the prime factors of p.
37
Let v(n) be the first derivative of -4*n**2 + 5*n + 6. Suppose -u + 6*r - 3*r = 10, 0 = 4*u + r + 14. List the prime factors of v(u).
37
Let d(r) = 283*r**2 - r - 4. What are the prime factors of d(-3)?
2, 19, 67
Suppose -4*r + 2*y + y - 65 = 0, 2*r = 2*y - 32. Let v be (-304)/10 + 2/5. Let l = r - v. List the prime factors of l.
13
Let f(r) = -5*r + 2. Let y be f(-1). Suppose 0 = s + 5*i - 51, 5*s + y*i - 255 = 3*i. List the prime factors of s.
3, 17
Let f(y) = 113*y - 36. What are the prime factors of f(7)?
5, 151
Let f be (-2)/4 - (-41)/2. Let t = 35 - f. Suppose -t = 2*u - 5*u. List the prime factors of u.
5
Suppose -5979 = -3*j - 3*t, 2*j + 2*j = -t + 7972. What are the prime factors of j?
1993
Let r(m) = -2*m - 6. Let v be r(-4). Suppose -5*w - v + 17 = 0. Suppose 2*u + 50 = 5*s - w*u, -3*u = 3*s. List the prime factors of s.
5
Let p = 4112 - 2175. List the prime factors of p.
13, 149
Let y = 10 + -8. Let f(g) = g**y - 5*g + 0*g**2 + 4 + 2*g. List the prime factors of f(4).
2
Suppose 10*c - 3048 = 122. List the prime factors of c.
317
Let s(d) = -d**3 - 4*d**2 - 4*d. Let x be s(-8). Suppose 0 = -4*y + x - 124. List the prime factors of y.
41
Let h(m) = 6*m**2 + 5. Let o be h(-2). Let v = o - -29. What are the prime factors of v?
2, 29
Suppose 100 = 5*b - 25. What are the prime factors of 97/5 + 15/b?
2, 5
Let r(k) = k**3 + 15*k**2 - 15*k + 16. Let g be r(-16). Suppose -7*m + 2*m + 200 = g. What are the prime factors of (m/(-50))/(2/(-80))?
2
Suppose -52 - 81 = -7*i. Suppose i*g - 14*g = 955. What are the prime factors of g?
191
Let y = -1831 - -2851. List the prime factors of y.
2, 3, 5, 17
Let u = -49 + 47. Let b(f) = 29*f**2 + 2*f + 2. List the prime factors of b(u).
2, 3, 19
List the prime factors of 29/116 - (-8823)/4.
2, 1103
Suppose 76 = 16*x - 4068. List the prime factors of x.
7, 37
Suppose 2*g - 199 - 1 = 0. List the prime factors of g.
2, 5
Suppose -5*i = 2*x + 95, 2*i = 4*x - 19 - 19. Let f(z) = -16*z - 59. What are the prime factors of f(i)?
5, 7
L